{"id":5840,"date":"2022-04-06T11:20:27","date_gmt":"2022-04-06T14:20:27","guid":{"rendered":"https:\/\/www.alsanner.com\/english\/?page_id=5840"},"modified":"2022-09-17T11:35:54","modified_gmt":"2022-09-17T14:35:54","slug":"services","status":"publish","type":"page","link":"https:\/\/www.alsanner.com\/english\/services\/","title":{"rendered":"Services"},"content":{"rendered":"<p>[vc_row css=&#8221;.vc_custom_1649358594435{padding-top: 60px !important;padding-bottom: 40px !important;}&#8221;][vc_column][vc_column_text]Alsanner is constantly working to solve material handling challenges in various industry segments, always keeping ergonomics, cost reduction and process optimization in mind. We offer from standard equipment to customized solutions to handle both lighter materials, such as cardboard boxes and plastic drums, and heavy concrete slabs and steel plates. Therefore, we count on an experienced and qualified team of professionals, which helps us to provide the following services. [\/vc_column_text][\/vc_column][\/vc_row][vc_row css=&#8221;.vc_custom_1649258723529{padding-top: 30px !important;padding-bottom: 30px !important;}&#8221;][vc_column][vc_wp_text el_class=&#8221;espaco-servicos-box&#8221;]<\/p>\n<h4 class=\"title heading-font\"><img loading=\"lazy\" class=\"alignleft wp-image-5849 \" src=\"https:\/\/www.alsanner.com\/english\/wp-content\/uploads\/2022\/04\/consultoria-150x150.jpg\" alt=\"\" width=\"168\" height=\"168\" \/><\/h4>\n<h4 class=\"title heading-font\">CONSULTING<\/h4>\n<ul>\n<li>We provide phone assistance for the commercial proposals.<\/li>\n<li>We identify the customer&#8217;s needs and recommend the equipment that best suits their operations and the different types of applications.<\/li>\n<li>When necessary, we visit our customers for a better evaluation of the material handling challenge. This visit helps in the development of effective solutions and special projects.<\/li>\n<\/ul>\n<p>[\/vc_wp_text][vc_wp_text el_class=&#8221;espaco-servicos-box&#8221;]<\/p>\n<h4 class=\"title heading-font\"><img loading=\"lazy\" class=\"size-full wp-image-5856 alignleft\" src=\"https:\/\/www.alsanner.com\/english\/wp-content\/uploads\/2022\/04\/projetos-especiais.jpg\" alt=\"\" width=\"150\" height=\"150\" \/>SPECIAL PROJECTS<\/h4>\n<ul>\n<li>We develop customized solutions considering the particularities of each company and its processes, which involve also, but not only, the type of product to be handled, the material it is made of, its dimensions and weight, the type of operation it will undergo, its degree of difficulty, the site layout, the physical effort involved, and so on.<\/li>\n<li>We adapt standard equipment and platforms\/tools to the customer&#8217;s specific needs.<\/li>\n<li>We create complete material handling systems involving structures and supports such as overhead cranes and rotating gantry.<\/li>\n<\/ul>\n<p>[\/vc_wp_text][vc_wp_text el_class=&#8221;espaco-servicos-box&#8221;]<\/p>\n<h4 class=\"title heading-font\"><img loading=\"lazy\" class=\"size-full wp-image-5857 alignleft\" src=\"https:\/\/www.alsanner.com\/english\/wp-content\/uploads\/2022\/04\/treinamentos.jpg\" alt=\"\" width=\"150\" height=\"150\" \/>TRAININGS<\/h4>\n<ul>\n<li>We assemble the equipment and material handling system at the customer&#8217;s plant, followed by training of the staff to operate the equipment.<\/li>\n<li>Our technicians present the equipment, its functions and utility, teach how to ensure proper handling, what types of maintenance are required, and what technical adjustments to make to improve equipment and process performance.<\/li>\n<li>The training sessions are dedicated and individual, and comply with the companies&#8217; internal regulations, as well as with all required standards, including the use of Personal Protective Equipment (PPE), ergonomics, work shifts, etc.<\/li>\n<\/ul>\n<p>[\/vc_wp_text][vc_wp_text el_class=&#8221;espaco-servicos-box&#8221;]<\/p>\n<h4 class=\"title heading-font\"><img loading=\"lazy\" class=\"size-full wp-image-5854 alignleft\" src=\"https:\/\/www.alsanner.com\/english\/wp-content\/uploads\/2022\/04\/assistencia-tecnica.jpg\" alt=\"\" width=\"150\" height=\"150\" \/>SERVICE<\/h4>\n<ul>\n<li>Our service team consists of specialized and experienced professionals, who are available for immediate assistance.<\/li>\n<li>We have a stock that allows us to promptly deliver the main spare parts used in our equipment.<\/li>\n<\/ul>\n<p>[\/vc_wp_text][\/vc_column][\/vc_row][vc_row disable_element=&#8221;yes&#8221; css=&#8221;.vc_custom_1649254844965{margin-top: 60px !important;margin-bottom: 60px !important;}&#8221;][vc_column width=&#8221;1\/2&#8243; el_class=&#8221;stm-col-pad-right&#8221;][vc_single_image image=&#8221;4823&#8243; img_size=&#8221;full&#8221; stm_fancybox=&#8221;yes&#8221;][\/vc_column][vc_column width=&#8221;1\/2&#8243; el_class=&#8221;stm-col-pad-left&#8221;][vc_column_text]<\/p>\n<h2 style=\"margin-bottom: 18px;\">BEM-VINDO \u00c0 <span style=\"color: #c7321b;\">ALSANNER<\/span><\/h2>\n<p>Somos a <strong>Alsanner Equipamentos Ltda.<\/strong>, empresa sediada em <strong>S\u00e3o Paulo<\/strong>, com mais de uma d\u00e9cada de experi\u00eancia comprovada em <strong>solu\u00e7\u00f5es para manipula\u00e7\u00e3o de materiais<\/strong> nos mais variados segmentos da ind\u00fastria. Distribu\u00edmos para todo o Brasil <strong>equipamentos ergon\u00f4micos<\/strong> que v\u00e3o desde <strong>manipuladores a v\u00e1cuo <\/strong>e el\u00e9tricos,<strong> mesas elevat\u00f3rias e elevadores el\u00e9tricos,<\/strong> at\u00e9 <strong>unidades m\u00f3veis,<\/strong> sistemas de pontes rolantes e p\u00f3rticos girat\u00f3rios.<\/p>\n<p><strong>Qualidade e inova\u00e7\u00e3o<\/strong> s\u00e3o conceitos fundamentais em nossa empresa, aliados \u00e0 <strong>tecnologia de ponta<\/strong> e \u00e0 <strong>ergonomia<\/strong>. Por isso, trabalhamos com a <strong>qualidade e a tecnologia<\/strong> das empresas dinamarquesas <strong>Hovmand<\/strong>, <strong>Translyft<\/strong>, <strong>Logitrans<\/strong> e <strong>Al-Lift<\/strong>, e da alem\u00e3 <strong>Fezer, <\/strong>que produzem equipamentos de qualidade comprovada e incorporam todos os preceitos que nos s\u00e3o importantes. Nossos produtos, al\u00e9m de <strong>melhorar a seguran\u00e7a e a sa\u00fade<\/strong> dos colaboradores, tamb\u00e9m contribuem para o <strong>aumento da produtividade<\/strong> nas empresas, para a <strong>redu\u00e7\u00e3o dos custos<\/strong> operacionais e para a <strong>melhoria nos processos internos.<\/strong><\/p>\n<p>Nossos <strong>profissionais qualificados<\/strong> desenvolvem projetos completos, especialmente customizados para solucionar o desafio em <strong>movimenta\u00e7\u00e3o de cargas e materiais<\/strong> da sua empresa. A isso, somamos ainda <strong>treinamentos<\/strong> individuais e dedicados dos nossos equipamentos, uma <strong>assist\u00eancia t\u00e9cnica<\/strong> especializada e <strong>pe\u00e7as de reposi\u00e7\u00e3o<\/strong> para a pronta entrega.[\/vc_column_text][\/vc_column][\/vc_row][vc_row full_width=&#8221;stretch_row&#8221; disable_element=&#8221;yes&#8221; css=&#8221;.vc_custom_1649254854612{padding-top: 60px !important;padding-bottom: 60px !important;background-color: #f0f2f5 !important;}&#8221;][vc_column width=&#8221;1\/3&#8243; css=&#8221;.vc_custom_1644757261243{margin-bottom: 0px !important;padding-bottom: 0px !important;}&#8221; el_id=&#8221;coluna-about&#8221;][vc_wp_text]<img loading=\"lazy\" class=\"wp-image-4623 size-full aligncenter\" src=\"http:\/\/www.alsanner.com\/english\/icons\/missao.svg\" alt=\"\" width=\"50\" height=\"50\" \/><\/p>\n<h3 class=\"title heading-font\" style=\"text-align: center;\">MISS\u00c3O<\/h3>\n<p style=\"text-align: center;\">Oferecer <strong>solu\u00e7\u00f5es completas em movimenta\u00e7\u00e3o de cargas e materiais<\/strong> que tragam maior seguran\u00e7a e bem-estar ao colaborador, assim como maior efici\u00eancia nos processos, aumento na produtividade e redu\u00e7\u00e3o nos custos operacionais das empresas.<\/p>\n<p>[\/vc_wp_text][\/vc_column][vc_column width=&#8221;1\/3&#8243; css=&#8221;.vc_custom_1644757276511{margin-bottom: 0px !important;border-bottom-width: 0px !important;}&#8221; el_id=&#8221;coluna-about&#8221;][vc_wp_text]<img loading=\"lazy\" class=\"wp-image-4623 size-full aligncenter\" src=\"http:\/\/www.alsanner.com\/english\/icons\/visao.svg\" alt=\"\" width=\"50\" height=\"50\" \/><\/p>\n<h3 class=\"title heading-font\" style=\"text-align: center;\">VIS\u00c3O<\/h3>\n<p style=\"text-align: center;\">Inovar sempre! Com um olho no futuro, entendemos que a <strong>inova\u00e7\u00e3o<\/strong> combinada \u00e0 <strong>tecnologia<\/strong> e <strong>profissionais qualificados<\/strong> s\u00e3o o caminho para o reconhecimento e o crescimento cont\u00ednuo no mercado brasileiro.<\/p>\n<p>[\/vc_wp_text][\/vc_column][vc_column width=&#8221;1\/3&#8243; css=&#8221;.vc_custom_1644757280393{margin-bottom: 0px !important;border-bottom-width: 0px !important;}&#8221; el_id=&#8221;coluna-about&#8221;][vc_wp_text]<img loading=\"lazy\" class=\"wp-image-4623 size-full aligncenter\" src=\"http:\/\/www.alsanner.com\/english\/icons\/valores.svg\" alt=\"\" width=\"50\" height=\"50\" \/><\/p>\n<h3 class=\"title heading-font\" style=\"text-align: center;\">VALORES<\/h3>\n<p style=\"text-align: center;\">Presamos pela <strong>excel\u00eancia em qualidade e atendimento, <\/strong>buscando continuamente criar e manter um <strong>bom relacionamento<\/strong> com todos os nossos clientes, fornecedores e colaboradores, atrav\u00e9s da <strong>confian\u00e7a<\/strong> e do <strong>comprometimento<\/strong>.<\/p>\n<p>[\/vc_wp_text][\/vc_column][\/vc_row][vc_section full_width=&#8221;stretch_row&#8221; disable_element=&#8221;yes&#8221; css=&#8221;.vc_custom_1649255320620{margin-bottom: 0px !important;padding-top: 90px !important;padding-bottom: 20px !important;background-image: url(https:\/\/www.alsanner.com\/english\/wp-content\/uploads\/2022\/03\/Banner-Porque-Alsanner-4-1920x720px.png?id=5323) !important;background-position: center !important;background-repeat: no-repeat !important;background-size: cover !important;}&#8221; el_id=&#8221;porque-escolher-a-alsanner&#8221;][vc_row disable_element=&#8221;yes&#8221;][vc_column][vc_raw_html]JTNDaDIlM0VQb3JxdWUlMjBlc2NvbGhlciUyMGElMjBBbHNhbm5lciUzRiUzQyUyRmgyJTNF[\/vc_raw_html][\/vc_column][\/vc_row][vc_row disable_element=&#8221;yes&#8221; stm_fullwidth=&#8221;yes&#8221; blackout_opacity=&#8221;40&#8243; css=&#8221;.vc_custom_1649255224198{padding-top: 60px !important;padding-bottom: 10px !important;}&#8221;][vc_column width=&#8221;1\/3&#8243;][vc_wp_text]<\/p>\n<h4 class=\"title heading-font\"><img loading=\"lazy\" class=\"wp-image-4623 size-full alignleft icones-destaque\" src=\"http:\/\/www.alsanner.com\/english\/wp-content\/uploads\/2022\/02\/star-fill.png\" alt=\"\" width=\"36\" height=\"36\" \/>EXPERI\u00caNCIA<\/h4>\n<p>Experi\u00eancia comprovada em movimenta\u00e7\u00e3o de materiais.[\/vc_wp_text][vc_wp_text]<\/p>\n<h4 class=\"title heading-font\"><img loading=\"lazy\" class=\"wp-image-4623 size-full alignleft icones-destaque\" src=\"http:\/\/www.alsanner.com\/english\/wp-content\/uploads\/2022\/02\/truck-fill.png\" alt=\"\" width=\"36\" height=\"36\" \/>DISTRIBUI\u00c7\u00c3O<\/h4>\n<p>Distribu\u00edmos para todo o territ\u00f3rio nacional.[\/vc_wp_text][\/vc_column][vc_column width=&#8221;1\/3&#8243;][vc_wp_text]<\/p>\n<h4 class=\"title heading-font\"><img loading=\"lazy\" class=\"wp-image-4623 size-full alignleft icones-destaque\" src=\"http:\/\/www.alsanner.com\/english\/wp-content\/uploads\/2022\/02\/award-fill.png\" alt=\"\" width=\"36\" height=\"36\" \/>QUALIFICA\u00c7\u00c3O<\/h4>\n<p>Profissionais qualificados em projetos especiais.[\/vc_wp_text][vc_wp_text]<\/p>\n<h4 class=\"title heading-font\"><img loading=\"lazy\" class=\"wp-image-4623 size-full alignleft icones-destaque\" src=\"http:\/\/www.alsanner.com\/english\/wp-content\/uploads\/2022\/02\/customer-service-2-fill.png\" alt=\"\" width=\"36\" height=\"36\" \/>ASSIST\u00caNCIA T\u00c9CNICA<\/h4>\n<p>Nossa assist\u00eancia t\u00e9cnica \u00e9 especializada.[\/vc_wp_text][\/vc_column][vc_column width=&#8221;1\/3&#8243;][vc_wp_text]<\/p>\n<h4><img loading=\"lazy\" class=\"size-full wp-image-4627 alignleft icones-destaque\" src=\"http:\/\/www.alsanner.com\/english\/wp-content\/uploads\/2022\/02\/building-3-fill.png\" alt=\"\" width=\"36\" height=\"36\" \/>IND\u00daSTRIA<\/h4>\n<p>Atuamos em todos os segmentos da ind\u00fastria.[\/vc_wp_text][vc_wp_text]<\/p>\n<h4><img loading=\"lazy\" class=\"size-full wp-image-4627 alignleft icones-destaque\" src=\"http:\/\/www.alsanner.com\/english\/wp-content\/uploads\/2022\/02\/exchange-box-fill.png\" alt=\"\" width=\"36\" height=\"36\" \/>PRONTA ENTREGA<\/h4>\n<p>Temos pe\u00e7as de reposi\u00e7\u00e3o para a pronta entrega.[\/vc_wp_text][\/vc_column][\/vc_row][\/vc_section][vc_section disable_element=&#8221;yes&#8221; css=&#8221;.vc_custom_1645548509281{margin-bottom: 0px !important;padding-top: 0px !important;}&#8221;][vc_row css=&#8221;.vc_custom_1644085360380{margin-top: 50px !important;margin-bottom: 50px !important;}&#8221; el_id=&#8221;logos&#8221;][vc_column width=&#8221;1\/6&#8243; offset=&#8221;vc_hidden-xs&#8221;][vc_single_image image=&#8221;4644&#8243; img_size=&#8221;150&#215;79&#8243; alignment=&#8221;center&#8221; css_animation=&#8221;fadeIn&#8221;][\/vc_column][vc_column width=&#8221;1\/6&#8243; offset=&#8221;vc_hidden-xs&#8221;][vc_single_image image=&#8221;4646&#8243; img_size=&#8221;150&#215;79&#8243; alignment=&#8221;center&#8221; css_animation=&#8221;fadeIn&#8221;][\/vc_column][vc_column width=&#8221;1\/6&#8243; offset=&#8221;vc_hidden-xs&#8221;][vc_single_image image=&#8221;4647&#8243; img_size=&#8221;150&#215;79&#8243; alignment=&#8221;center&#8221; css_animation=&#8221;fadeIn&#8221;][\/vc_column][vc_column width=&#8221;1\/6&#8243; offset=&#8221;vc_hidden-xs&#8221;][vc_single_image image=&#8221;4648&#8243; img_size=&#8221;150&#215;79&#8243; alignment=&#8221;center&#8221; css_animation=&#8221;fadeIn&#8221;][\/vc_column][vc_column width=&#8221;1\/6&#8243; offset=&#8221;vc_hidden-xs&#8221;][vc_single_image image=&#8221;4649&#8243; img_size=&#8221;150&#215;79&#8243; alignment=&#8221;center&#8221; css_animation=&#8221;fadeIn&#8221;][\/vc_column][vc_column width=&#8221;1\/6&#8243; offset=&#8221;vc_hidden-xs&#8221;][vc_single_image image=&#8221;4650&#8243; img_size=&#8221;150&#215;79&#8243; alignment=&#8221;center&#8221; css_animation=&#8221;fadeIn&#8221;][\/vc_column][\/vc_row][\/vc_section][vc_section disable_element=&#8221;yes&#8221; css=&#8221;.vc_custom_1649255332702{margin-bottom: 0px !important;padding-top: 0px !important;}&#8221;][vc_row el_id=&#8221;logos&#8221; css=&#8221;.vc_custom_1645548660769{padding-top: 50px !important;padding-bottom: 50px !important;}&#8221;][vc_column el_id=&#8221;logos-slider&#8221;][stm_carousel image_size=&#8221;full&#8221; slides_per_row=&#8221;6&#8243; images=&#8221;4650,4649,4648,4647,4646,4644&#8243;][\/vc_column][\/vc_row][\/vc_section][vc_row css=&#8221;.vc_custom_1649432405722{padding-bottom: 50px !important;}&#8221;][vc_column][stm_call_to_action link=&#8221;url:%2Ffale-conosco|title:Fale%20Conosco&#8221; box_color=&#8221;#ffffff&#8221;]Find all cargo and material handling solutions that your company needs at <span style=\"color: #c7321b;\">Alsanner Equipamentos Ltda.<\/span>[\/stm_call_to_action][\/vc_column][\/vc_row]<\/p>\n","protected":false},"excerpt":{"rendered":"<p>[vc_row css=&#8221;.vc_custom_1649358594435{padding-top: 60px !important;padding-bottom: 40px !important;}&#8221;][vc_column][vc_column_text]Alsanner is constantly working to solve material handling challenges in various industry segments, always keeping ergonomics, cost reduction and process optimization in mind. We offer from standard equipment to customized solutions to handle both lighter materials, such as cardboard boxes and plastic drums, and heavy concrete slabs and steel plates&#8230;.<\/p>\n","protected":false},"author":4,"featured_media":0,"parent":0,"menu_order":0,"comment_status":"closed","ping_status":"closed","template":"","meta":[],"yoast_head":"<!-- This site is optimized with the Yoast SEO plugin v18.6 - https:\/\/yoast.com\/wordpress\/plugins\/seo\/ -->\n<title>Learn more about our services | Alsanner<\/title>\n<meta name=\"description\" content=\"Alsanner offers qualified consulting, customized projects, training, technical assistance, and spare parts. Check it out right now!\" \/>\n<meta name=\"robots\" content=\"index, follow, max-snippet:-1, max-image-preview:large, max-video-preview:-1\" \/>\n<link rel=\"canonical\" href=\"https:\/\/www.alsanner.com\/english\/services\/\" \/>\n<meta property=\"og:locale\" content=\"en_US\" \/>\n<meta property=\"og:type\" content=\"article\" \/>\n<meta property=\"og:title\" content=\"Learn more about our services | Alsanner\" \/>\n<meta property=\"og:description\" content=\"Alsanner offers qualified consulting, customized projects, training, technical assistance, and spare parts. Check it out right now!\" \/>\n<meta property=\"og:url\" content=\"https:\/\/www.alsanner.com\/english\/services\/\" \/>\n<meta property=\"og:site_name\" content=\"Alsanner\" \/>\n<meta property=\"article:modified_time\" content=\"2022-09-17T14:35:54+00:00\" \/>\n<meta property=\"og:image\" content=\"https:\/\/www.alsanner.com\/english\/wp-content\/uploads\/2022\/04\/consultoria-150x150.jpg\" \/>\n<meta name=\"twitter:card\" content=\"summary_large_image\" \/>\n<meta name=\"twitter:label1\" content=\"Est. reading time\" \/>\n\t<meta name=\"twitter:data1\" content=\"8 minutes\" \/>\n<script type=\"application\/ld+json\" class=\"yoast-schema-graph\">{\"@context\":\"https:\/\/schema.org\",\"@graph\":[{\"@type\":\"WebSite\",\"@id\":\"https:\/\/www.alsanner.com\/english\/#website\",\"url\":\"https:\/\/www.alsanner.com\/english\/\",\"name\":\"Alsanner\",\"description\":\"\",\"potentialAction\":[{\"@type\":\"SearchAction\",\"target\":{\"@type\":\"EntryPoint\",\"urlTemplate\":\"https:\/\/www.alsanner.com\/english\/?s={search_term_string}\"},\"query-input\":\"required name=search_term_string\"}],\"inLanguage\":\"en-US\"},{\"@type\":\"ImageObject\",\"@id\":\"https:\/\/www.alsanner.com\/english\/services\/#primaryimage\",\"inLanguage\":\"en-US\",\"url\":\"https:\/\/www.alsanner.com\/english\/wp-content\/uploads\/2022\/04\/consultoria.jpg\",\"contentUrl\":\"https:\/\/www.alsanner.com\/english\/wp-content\/uploads\/2022\/04\/consultoria.jpg\",\"width\":150,\"height\":150,\"caption\":\"\u00cdcone consultoria\"},{\"@type\":\"WebPage\",\"@id\":\"https:\/\/www.alsanner.com\/english\/services\/#webpage\",\"url\":\"https:\/\/www.alsanner.com\/english\/services\/\",\"name\":\"Learn more about our services | Alsanner\",\"isPartOf\":{\"@id\":\"https:\/\/www.alsanner.com\/english\/#website\"},\"primaryImageOfPage\":{\"@id\":\"https:\/\/www.alsanner.com\/english\/services\/#primaryimage\"},\"datePublished\":\"2022-04-06T14:20:27+00:00\",\"dateModified\":\"2022-09-17T14:35:54+00:00\",\"description\":\"Alsanner offers qualified consulting, customized projects, training, technical assistance, and spare parts. Check it out right now!\",\"breadcrumb\":{\"@id\":\"https:\/\/www.alsanner.com\/english\/services\/#breadcrumb\"},\"inLanguage\":\"en-US\",\"potentialAction\":[{\"@type\":\"ReadAction\",\"target\":[\"https:\/\/www.alsanner.com\/english\/services\/\"]}]},{\"@type\":\"BreadcrumbList\",\"@id\":\"https:\/\/www.alsanner.com\/english\/services\/#breadcrumb\",\"itemListElement\":[{\"@type\":\"ListItem\",\"position\":1,\"name\":\"In\u00edcio\",\"item\":\"https:\/\/www.alsanner.com\/english\/\"},{\"@type\":\"ListItem\",\"position\":2,\"name\":\"Services\"}]}]}<\/script>\n<!-- \/ Yoast SEO plugin. -->","yoast_head_json":{"title":"Learn more about our services | Alsanner","description":"Alsanner offers qualified consulting, customized projects, training, technical assistance, and spare parts. Check it out right now!","robots":{"index":"index","follow":"follow","max-snippet":"max-snippet:-1","max-image-preview":"max-image-preview:large","max-video-preview":"max-video-preview:-1"},"canonical":"https:\/\/www.alsanner.com\/english\/services\/","og_locale":"en_US","og_type":"article","og_title":"Learn more about our services | Alsanner","og_description":"Alsanner offers qualified consulting, customized projects, training, technical assistance, and spare parts. Check it out right now!","og_url":"https:\/\/www.alsanner.com\/english\/services\/","og_site_name":"Alsanner","article_modified_time":"2022-09-17T14:35:54+00:00","og_image":[{"url":"https:\/\/www.alsanner.com\/english\/wp-content\/uploads\/2022\/04\/consultoria-150x150.jpg"}],"twitter_card":"summary_large_image","twitter_misc":{"Est. reading time":"8 minutes"},"schema":{"@context":"https:\/\/schema.org","@graph":[{"@type":"WebSite","@id":"https:\/\/www.alsanner.com\/english\/#website","url":"https:\/\/www.alsanner.com\/english\/","name":"Alsanner","description":"","potentialAction":[{"@type":"SearchAction","target":{"@type":"EntryPoint","urlTemplate":"https:\/\/www.alsanner.com\/english\/?s={search_term_string}"},"query-input":"required name=search_term_string"}],"inLanguage":"en-US"},{"@type":"ImageObject","@id":"https:\/\/www.alsanner.com\/english\/services\/#primaryimage","inLanguage":"en-US","url":"https:\/\/www.alsanner.com\/english\/wp-content\/uploads\/2022\/04\/consultoria.jpg","contentUrl":"https:\/\/www.alsanner.com\/english\/wp-content\/uploads\/2022\/04\/consultoria.jpg","width":150,"height":150,"caption":"\u00cdcone consultoria"},{"@type":"WebPage","@id":"https:\/\/www.alsanner.com\/english\/services\/#webpage","url":"https:\/\/www.alsanner.com\/english\/services\/","name":"Learn more about our services | Alsanner","isPartOf":{"@id":"https:\/\/www.alsanner.com\/english\/#website"},"primaryImageOfPage":{"@id":"https:\/\/www.alsanner.com\/english\/services\/#primaryimage"},"datePublished":"2022-04-06T14:20:27+00:00","dateModified":"2022-09-17T14:35:54+00:00","description":"Alsanner offers qualified consulting, customized projects, training, technical assistance, and spare parts. Check it out right now!","breadcrumb":{"@id":"https:\/\/www.alsanner.com\/english\/services\/#breadcrumb"},"inLanguage":"en-US","potentialAction":[{"@type":"ReadAction","target":["https:\/\/www.alsanner.com\/english\/services\/"]}]},{"@type":"BreadcrumbList","@id":"https:\/\/www.alsanner.com\/english\/services\/#breadcrumb","itemListElement":[{"@type":"ListItem","position":1,"name":"In\u00edcio","item":"https:\/\/www.alsanner.com\/english\/"},{"@type":"ListItem","position":2,"name":"Services"}]}]}},"_links":{"self":[{"href":"https:\/\/www.alsanner.com\/english\/wp-json\/wp\/v2\/pages\/5840"}],"collection":[{"href":"https:\/\/www.alsanner.com\/english\/wp-json\/wp\/v2\/pages"}],"about":[{"href":"https:\/\/www.alsanner.com\/english\/wp-json\/wp\/v2\/types\/page"}],"author":[{"embeddable":true,"href":"https:\/\/www.alsanner.com\/english\/wp-json\/wp\/v2\/users\/4"}],"replies":[{"embeddable":true,"href":"https:\/\/www.alsanner.com\/english\/wp-json\/wp\/v2\/comments?post=5840"}],"version-history":[{"count":44,"href":"https:\/\/www.alsanner.com\/english\/wp-json\/wp\/v2\/pages\/5840\/revisions"}],"predecessor-version":[{"id":6922,"href":"https:\/\/www.alsanner.com\/english\/wp-json\/wp\/v2\/pages\/5840\/revisions\/6922"}],"wp:attachment":[{"href":"https:\/\/www.alsanner.com\/english\/wp-json\/wp\/v2\/media?parent=5840"}],"curies":[{"name":"wp","href":"https:\/\/api.w.org\/{rel}","templated":true}]}}